pose v*u + 2 = 17. Give s(u).
15
Let k = 4 - 6. Let z(s) be the third derivative of s**4/12 + s**3/2 + 4*s**2. Calculate z(k).
-1
Let n(r) = -16*r**2 + 30*r - 10. Let u(f) = -3*f**2 + 6*f - 2. Let j = 2 - 0. Let s(m) = j*n(m) - 11*u(m). Determine s(5).
-3
Suppose 5*q - 25 = -5*v, -5*v + 4*v + 6 = 2*q. Let m(g) = v*g - 3*g - 4 + g. Calculate m(3).
2
Let q be (-20)/6 - (-4)/(-6). Let k(o) = 5*o**2 - 1. Let l(v) = 4*v**2 - v. Let n(a) = q*l(a) + 3*k(a). Let r(s) = -2*s - 9. Let d be r(-6). Give n(d).
0
Let g(d) = d. Suppose -8 = 5*w - 2*q + 8, 0 = -3*w - 5*q + 9. Let j(p) = -3*p + 1. Let f(u) = w*g(u) - j(u). Calculate f(-1).
-2
Let m(u) = 7*u**2 + 5*u - 29. Let x(k) = 4*k**2 + 3*k - 15. Let p(c) = -3*m(c) + 5*x(c). Calculate p(0).
12
Let w be -3*(-27)/18*8/9. Let j(g) be the third derivative of 0*g**3 + 0*g + 0 - g**2 - 1/3*g**w. What is j(1)?
-8
Let n(x) = -1. Let c(t) = -t**2 - 3*t + 10. Suppose -4*i + 0 = -5*u + 1, -5*i + 1 = -4*u. Let q(v) = u*c(v) + 4*n(v). Determine q(-5).
-4
Let o(c) be the third derivative of -c**5/20 + c**3/6 - 2*c**2. Let r = -2 + 3. Let u = r + 0. Determine o(u).
-2
Let q(o) be the first derivative of -o**3/3 + 5*o**2/2 - o - 6. Calculate q(4).
3
Let f(v) = -2*v**2 + 5*v - 5. Let d(r) = -r**2 + 2*r - 2. Let w(x) = 5*d(x) - 2*f(x). Let u be 0/2 + (-1 - -1). What is w(u)?
0
Let s(q) = 8*q - q**3 + q**2 + 3 + 0*q**3 - 9*q**2. Determine s(-9).
12
Let q(s) = -3*s + 2. Let d = -121 + 116. Calculate q(d).
17
Let u(n) = n + 1. Let y(f) = -f**2 + 9. Let a(k) = 5*u(k) - y(k). Give a(-6).
2
Let t(v) = v**2 - 11*v + 3. Let r be t(10). Let z = r - -6. Let k(l) = -l**3 - 1 + 2*l**2 - 4*l**2 + 3*l**2. Give k(z).
1
Let c(z) = -z - 1. Let i(b) = -b**3 + 9*b**2 + b - 10. Let g be i(9). Let y = g - 2. What is c(y)?
2
Let o = -8 - -12. Let j(q) = -q**2 - 2*q - 4. Let u(d) = -d**2 - 3*d - 5. Let t(k) = 6*j(k) - 5*u(k). Determine t(o).
-3
Let g(q) = q + 4. Suppose -3*u - 2*l = 0, -4*l = -2*u - 0*l. Suppose 4*m + 2*s - s + 18 = u, m + 5*s = 5. Give g(m).
-1
Let i(s) = s**3 + 8*s**2 + 2*s + 9. Let z(m) = -m**3 - 8*m**2 - m - 9. Let u(r) = -5*i(r) - 4*z(r). Determine u(-7).
-16
Let f be (-6)/(1/(-2)*3). Let x(k) = -3*k + 6. Let w(r) = 3*r - 7. Let a(z) = f*w(z) + 5*x(z). Give a(5).
-13
Let r(g) = 6*g**3 - g**2. Let d be r(1). Let k = -2 + d. Let n(c) = 7 - c**3 + 2*c**2 + 0*c**3 - k*c**2. What is n(0)?
7
Suppose 0 = -z - 3 - 2. Let p(k) = -k**2 - 4*k + 3. Let u be p(z). Let l(t) = 2 - 2 - 3*t - 3. Give l(u).
3
Let j be 16/(-88) - 168/44. Let f(b) = -b**3 - 2*b**2 + 7*b + 5. Give f(j).
9
Let p(d) = 4*d + 17. Let u be p(-6). Let t(f) = 2*f**2 + 21*f + 14. Let o(c) = c**2 + 10*c + 7. Let v(z) = 5*o(z) - 2*t(z). Give v(u).
0
Let k(y) be the second derivative of -y**2 + 0 - y + 0*y**3 - 1/12*y**4. Let x(s) be the first derivative of k(s). What is x(-2)?
4
Let b = 62 + -55. Let m(v) = v**3 - 8*v**2 + 6*v - 3. Determine m(b).
-10
Suppose -3*g - q + 7 = 0, -9 = -4*g + q - 2. Let j(t) = t - 3. Let h(m) = -4*m + 13. Let u(a) = g*h(a) + 9*j(a). Give u(-4).
-5
Suppose -4*g - 6 = -g. Let a(t) = -1 - 7*t + 0 + 4*t - 2*t**2. Give a(g).
-3
Let f = -7 - -12. Let k(q) = -q - 1. Give k(f).
-6
Let j(d) = 2*d + 21. Let o be j(-14). Let m(i) = -i - 1. What is m(o)?
6
Let h be (-8)/(-4) + -3 - 4. Let o(u) be the second derivative of -u**5/20 - 5*u**4/12 - u**3/3 - 7*u**2/2 - u. Give o(h).
3
Let u(k) = -6*k**2 - 5*k + 3. Let h(q) = -q**2 - q. Let x(r) = 5*h(r) - u(r). Let y = 10 + -7. Give x(y).
6
Let g(i) = 0*i + 0*i - i. Determine g(-5).
5
Let m(o) = o**2 - 11*o + 8. Let n be m(10). Let w(j) = -j**3 - 2*j**2 - 3*j - 2. Determine w(n).
4
Suppose 0 = u - 3*u. Suppose u = -n + 4 - 2. Let b(k) be the first derivative of k**3/3 - k**2 + 2*k - 1. Give b(n).
2
Let x(v) = -v**3 + 3*v**2 - 6*v. Let o(m) = -11*m - 3*m**3 + 7 - 7 - 6*m + 9*m**2. Let s(t) = 6*o(t) - 17*x(t). Determine s(3).
0
Let h(k) be the third derivative of -k**5/60 - k**4/3 - k**3 - 12*k**2. Let s = 16 + -22. Calculate h(s).
6
Let i(l) = -3*l**2 + 1. Suppose 1 = 4*k - 3. Calculate i(k).
-2
Let c(p) be the second derivative of 2*p + 0 + 1/6*p**3 + 1/2*p**2. Calculate c(4).
5
Let q(m) = -m**3 + 3*m**2 - m - 1. Let h be q(1). Let j(v) = v**3 + v**2 - v + 11. Calculate j(h).
11
Let r(u) = 4*u**3 + u**2 - 7. Let b(c) = 3*c**3 - 6. Let j(w) = -5*b(w) + 4*r(w). Let p = 7 - 3. Let o(q) = q. Let m(z) = p*o(z) + j(z). Give m(-3).
-1
Suppose -n + 60 = 5*q, -n + 8 = 3. Suppose 2*i + 9*z = 4*z + 17, z = 2*i - q. Let l(o) = o**3 - 7*o**2 + 6*o - 1. What is l(i)?
-1
Let u be ((-12)/10)/((-6)/(-20)). Let z be 40/12*6/u. Let f(t) = -t**2 - 5*t. Give f(z).
0
Let g = 2 - 0. Let p(n) = n**3 - 2*n**3 - 1 + g - 2*n - 3 + 4*n**2. Give p(2).
2
Let s(o) be the first derivative of o**4/4 - 2*o**3 - 9*o**2/2 + 3*o + 21. What is s(7)?
-11
Let p(c) = -c**3 + 8*c**2 - 7*c - 6. Suppose 0*m - 7 = -m. Give p(m).
-6
Let d(f) = -f + 5. Suppose 0 = 5*i - 5*h - 55, -5*i - 2*h + 54 = -6*h. Give d(i).
-5
Let m(r) = -r**3 - 4*r**2 - r - 3. Let q = 30 + -34. Give m(q).
1
Suppose -v - 3 = 2*v. Let d(g) = -10*g - 1. Let c(k) = 10*k + 1. Let i(x) = 5*c(x) + 6*d(x). Determine i(v).
9
Suppose 2 = j - 1. Let i(h) = -h**2 + 4*h**2 - j - 1 + 3. Determine i(-1).
2
Let i(a) be the third derivative of a**6/120 - a**5/60 - a**4/8 + 2*a**3/3 - 40*a**2. Let u be (-5 + 4)*(-3)/1. Calculate i(u).
13
Suppose 0 = -3*h + d - 14, 0*d = 4*h + 4*d + 40. Let l(k) = -5*k**3 + 10*k**2 - 7*k. Let b(w) = -w**3 + w**2 + 1. Let i(s) = h*b(s) + l(s). Calculate i(-5).
4
Let z(g) = -g**2 - 4*g + 5. Let r be z(-5). Suppose s + r = 3. Let k(p) = 0*p - p + 5 + s. Calculate k(0).
8
Let c(w) = -w + 1. Let o = 5 + 0. Let i(m) = -4*m - 2*m**3 + 6 + 4*m**3 - m. Let f(d) = o*c(d) - i(d). What is f(1)?
-3
Let w be -5 + (-6 + 5)*-6. Let d(u) be the third derivative of 0 - 1/12*u**4 + 1/6*u**3 + 1/30*u**5 + 1/60*u**6 + 0*u + u**2. Calculate d(w).
3
Let y = 2 + -1. Let w be -2 + 3 + 1 + y. Let o(i) = 6*i**2 - 2*i**3 + i - 8*i + i**w. What is o(5)?
-10
Let x = -8 + 10. Suppose -x = 2*a - 0. Let k(t) = -5*t**3 - 2*t**2 - 2*t - 1. Give k(a).
4
Let b be 24/(-16)*8/6. Let j(c) = c + 2. Let y be j(b). Let h(f) = y*f + f - 2*f + 4*f. What is h(-1)?
-3
Let v(x) be the third derivative of x**4/24 + x**3/6 + 4*x**2. Suppose -4*d + 14 = 2, -4*r + 5*d = 35. Calculate v(r).
-4
Let y(z) = z + z + 7 - 4*z. Let b = -47 + 30. Let t = -12 - b. Give y(t).
-3
Let a(o) = o**2 - 18*o + 16. Let b be a(18). Suppose 8 = 2*f, 4*g - 4*f + 44 = b. Let y(u) = -u**3 - 4*u**2 - 3*u - 2. Determine y(g).
-2
Let i(f) = -3*f**2 + 2*f**3 - 3*f**2 - f**3 + 3*f. Let m be 26/39 + 1/3. Suppose 0 = -6*p + 13 - m. Give i(p).
-10
Let n(f) = f - 15. Let y = -2 + -5. Let m(x) = x**3 + 7*x**2 - 2*x - 2. Let h be m(y). Let i be n(h). Let t(b) = -b**3 - 2*b**2 + 4*b + 4. Give t(i).
1
Let f(c) = 2*c - 7. Let q(z) = -2*z. Let a be q(-1). Let v(r) = a + 6 - r - 2. Let n(o) = 3*f(o) + 4*v(o). Calculate n(-4).
-5
Let o(h) be the first derivative of 8*h - 4 - 1/2*h**2. Determine o(0).
8
Let y(h) be the second derivative of h**7/2520 + 7*h**6/720 - 7*h**5/120 - 3*h**4/4 + 2*h. Let u(m) be the third derivative of y(m). What is u(-6)?
-13
Let y(m) = -9*m**3 + 16*m**2 + 3*m + 21. Let l(t) = 5*t**3 - 8*t**2 - t - 11. Let c(v) = -11*l(v) - 6*y(v). What is c(-7)?
-5
Let g(y) = -2*y - 5. Let a be g(-5). Let l(u) = -6*u**3 - u**2 + 8*u - 7. Let z(f) = -7*f**3 - 2*f**2 + 8*f - 7. Let c(x) = -6*l(x) + 5*z(x). Calculate c(a).
-8
Let r(m) = -2*m**2 - m + 0*m - 5 + 0. Let p(x) = -5 - x**2 - x**2 + 3*x**2 - 2*x**2 - x. Let d(v) = -3*p(v) + 2*r(v). What is d(4)?
-7
Let k = 11 - 4. Suppose -z - 5*g + 25 = 4*z, z - 5*g = -k. Let m(o) = 0*o - 3*o**3 + o - 2*o**z - o**2 - 1. What is m(1)?
-6
Let a(o) = 2*o**2 - 3*o + 1. Let v(l) = -l - 3. Let q be v(-6). Suppose -2*f - q = -7. What is a(f)?
3
Let y = 1 - -1. Let d(k) = -3*k**y - 3*k + 2*k**2 - k. Determine d(-4).
0
Let s(b) = 5*b**2 + 13*b - 15. Let x(a) = -2*a**2 - 7*a + 8. Let q(p) = 3*s(p) + 7*x(p). Calculate q(8).
-5
Let i(m) = -m**3 + 4*m**2 + 1. Let a be (-4 + (-10)/(-2))*4. Determine i(a).
1
Let b(f) = -4 + 5 + 12*f**2 + 2*f - 11*f**2 + 3*f**3 - 3*f. Give b(1).
4
Let h(k) be the first derivative of -1/2*k**2 + 0*k - 7. Calculate h(-2).
2
Let p(t) be the first derivative of t**4/4 - 4*t**3/3 - 5*t**2